2
Let y = 1392 - -1808. What is the hundreds digit of y?
2
Suppose v = -113 + 109. What is the hundreds digit of (-71 - 3)*26/v?
4
Suppose 0 = -3*p - 0 + 18. What is the hundreds digit of 196 - (p + 9)*(-1)/3?
2
Let p = -88 - -61. Let i be 12/(-5)*(-180)/p. Let y(o) = -o**3 - 17*o**2 - 18*o + 17. What is the tens digit of y(i)?
4
Let z = -22796 - -38638. What is the ten thousands digit of z?
1
Suppose 0 = 5*t + 273 + 492. What is the units digit of (-90)/(-27)*-10*t/12?
5
Suppose -3*u + 44773 = -38*d + 42*d, -4*u - 3*d = -59688. What is the tens digit of u?
1
Let j(w) = 0*w**2 + 18 - 36*w - w**2 - 26*w + 15*w + 5*w. What is the hundreds digit of j(-9)?
3
Let t(w) = w**3 + 2*w**2 - 7*w - 4. Let u be t(-4). What is the hundreds digit of (1316/u)/(1*1/(-2))?
3
Suppose 5 - 3 = -c, z + 2*c = 466. Let d = 57 - z. What is the units digit of 10/(-8) + 2 + d/(-4)?
4
Let y be 24/54 + 1 + (-95)/(-9). What is the hundreds digit of (-138)/4*(2816/y)/(-11)?
7
Let i be 347*(-6)/8*328/(-123). Suppose -p - 5*y + i = 0, p + 3*p + 4*y - 2792 = 0. What is the hundreds digit of p?
6
Let p(z) = 2*z**3 - 77*z**2 + 39*z - 38. Let w be p(38). Suppose -15*m + 17*m - 246 = w. What is the tens digit of m?
2
Let b(k) = -k**3 + 13*k**2 + 15*k + 6. Let y be b(14). Suppose -20*v + y = -16*v. Suppose -v*m = 10, -z = 5*m - 4*m - 71. What is the units digit of z?
3
What is the tens digit of (-425070)/(-12)*-1*(13 + -15)?
4
Let r(o) = -16*o - 45. Let c be r(-5). What is the hundreds digit of 606*10/(-6)*(-14)/c?
4
Let u(k) = -593*k + 1767. What is the units digit of u(-33)?
6
Let w(g) be the second derivative of 6*g**2 + 1/6*g**3 + 0 - 14*g. What is the units digit of w(13)?
5
Suppose 0 = -6*h + 21554 + 105610. What is the ten thousands digit of h?
2
Suppose 34133 = 4*f - u, -5*f = -2*u + 8959 - 51623. What is the thousands digit of f?
8
Suppose 4*a - 5638 = 478*b - 473*b, 0 = a - 5*b - 1402. What is the hundreds digit of a?
4
Let v(t) = 127*t**3 - 10*t**2 + 20*t - 48. What is the units digit of v(6)?
4
Let v(f) = 4*f**2 + 7*f + 13. Let l be v(-5). Suppose g - l = 84. Suppose 3*c + r = -r + 162, -g = -3*c + 2*r. What is the tens digit of c?
5
Let q = -18638 - -26260. What is the tens digit of q?
2
Let u be 2889/81 + 8/6. Let w = -36 + u. What is the units digit of 2*(142/4 + w)?
3
Suppose 13*d - 36 - 3 = 0. Suppose 0 = -7*k + 11 + d. Suppose 0 = k*z - 141 + 59. What is the tens digit of z?
4
Let f(x) = 2191*x**3 - x**2 - 3*x + 4. What is the hundreds digit of f(1)?
1
Let n = 45856 + -30934. What is the tens digit of n?
2
Let z(r) = -5*r + 53. Let p be z(10). Suppose -820 = -p*b + 611. What is the units digit of b?
7
What is the tens digit of (-3)/8 - 502947/(-72)?
8
Suppose 489812 = -21*x + 1491554. What is the tens digit of x?
0
Let i be -3*(2/(-20) - 2413/(-30)). Let g = 288 - i. What is the hundreds digit of g?
5
Suppose -11*x + 13*x = v + 66, 3*x = -6. Let z(r) = -r**3 + 8*r**2 + 2*r - 9. Let i be z(8). What is the tens digit of 2/i - 2/(v/1705)?
4
Let j(i) = -3*i**2 + 62*i + 122. Let r(u) = u**2 - 21*u - 41. Suppose 2*h - 6*h + 32 = 0. Let y(p) = h*r(p) + 3*j(p). What is the units digit of y(14)?
4
Suppose 3*g + 4*l - 14 + 0 = 0, -3*g + l = -4. Suppose -g*m = -15 + 11. Suppose -w - m*h = -60, -5*h - 93 = -4*w + 134. What is the units digit of w?
8
Let d(f) = 4070*f + 8771. What is the units digit of d(6)?
1
Let r(k) = -6*k + 2. Suppose 3*q + 4 = 4*g, -2*g - 4*q - 1 = -3*g. Suppose l = -g - 0. What is the units digit of r(l)?
8
Suppose 0 = -5*i + 44 - 14, -42690 = -4*o - i. What is the units digit of o?
1
Suppose 7*n - 2*n - 1330 = 0. Let a = 119 - n. Let l = -31 - a. What is the hundreds digit of l?
1
What is the thousands digit of ((-4 + 10)/(2/(-59)))/(1/(-41))?
7
Let k(h) = 8*h**2 + 12*h + 9. Let b be k(6). Suppose 2*o - d - b = -2*o, -3*d = o - 76. What is the tens digit of o?
9
What is the units digit of (-6)/(-8) + (367653/12)/11?
6
Suppose -2*s = s - 5*n + 35, -19 = 2*s + n. Let t(f) = 5*f**2 + 9*f - 16. Let g(r) = -r**2 + r. Let k(x) = -4*g(x) - t(x). What is the tens digit of k(s)?
4
What is the units digit of (-28 - -5) + 28285 - -17?
9
Let x be (-3 - -2) + 1 + 70. Let s(v) = 3*v**2 + 77*v + 535. Let k be s(-10). Suppose k*u - 64*u - x = 0. What is the tens digit of u?
7
Let u(m) be the third derivative of -m**2 + 7/12*m**4 + 1/60*m**5 + 5/2*m**3 + 0 + 0*m. What is the units digit of u(-13)?
2
What is the thousands digit of ((-2220)/16)/(62/(-2976))?
6
Let u(j) = -j**2 + 25*j - 41. Let h be u(23). Let w(p) = 18*p**2 + p - 31. What is the hundreds digit of w(h)?
4
Suppose -49 = -29*f + 9. Suppose -u = -1, -f*j - 4*u + 1150 = -878. What is the tens digit of j?
1
Let t be 341/(((-20)/(-330))/(2/3)). Suppose 3*i = -8*i + t. What is the units digit of i?
1
Suppose 0 = -158*p + 159*p - 20185. Suppose 14096 = 39*g - p. What is the tens digit of g?
7
Suppose 0 = -30*j + 32*j - 1554. Let w = j + -405. What is the hundreds digit of w?
3
Let f be (-306)/4 + ((-42)/12 - -3). Let c be (32/14 + -2)/((-11)/f). What is the units digit of -103*c*3*6/(-36)?
3
What is the thousands digit of (8/(-24))/(1*5/(-30930))?
2
Let g = -244 + 241. What is the units digit of (7 - -138) + -2 + g?
0
Let q(u) = -u - 2. Let v be q(-12). Let h(n) = -n**3 + 13*n**2 - 2*n + 5. What is the hundreds digit of h(v)?
2
Let j = 148 + -160. Let r be (j - -14)*-3*(-3)/9. Suppose 513 - 29 = r*b. What is the tens digit of b?
4
Let r = 2481 - 1257. Suppose 0 = -19*i + 15*i + r. What is the hundreds digit of i?
3
What is the ten thousands digit of 190/(-19) + 21 + 11964?
1
Suppose -3*i = 4*l + 5, i - 3*l = 2*i. Let v be 1183/(-14) - i/2. Let w = -58 - v. What is the units digit of w?
5
Let g(i) = -i**3 - 6*i**2 - i + 24. Let b be g(-5). Let p(m) = 21*m - 4 - 5*m**2 - 3*m + 6*m**2. What is the tens digit of p(b)?
8
Let f(v) = -v**3 + 4*v**2 + 52*v - 15. Let g be f(11). Let x = 1139 - 655. Let r = g + x. What is the units digit of r?
4
Let b(u) = -13*u - 1. Let y = -28 + 34. Let g be (26/(-3))/(y*4/36). What is the units digit of b(g)?
8
Let l = 19 - 10. Suppose -3*t - 5*m + 237 = -l*m, -390 = -5*t + 5*m. What is the tens digit of t?
7
What is the units digit of (-4)/(-1)*(-226770)/(-120)?
9
Let i(q) = -q**3 - 4*q**2 - 5*q - 16. Let d be i(-4). Let g = -2 + d. Suppose g*o - 73 = o. What is the units digit of o?
3
Let b(h) = h**3 + h**2 - h + 1447. Let c be b(0). Let q = 6661 + -6650. Suppose -q*p + 60 = -c. What is the tens digit of p?
3
Suppose -972 = -13*r + 10*r + 3*m, 3*m = -3*r + 966. What is the hundreds digit of r?
3
Suppose -105 = 8*h - 105. Suppose 1 + 3 = 2*s - y, 4*s - 4*y = 4. Suppose h*n + 117 = s*n. What is the tens digit of n?
3
Let n = -13 - -981. What is the units digit of n?
8
Let i(z) = z**3 + 16*z**2 - 18*z - 14. Let g be i(-17). Let x be -39*-2*g/9. Let f = 74 - x. What is the tens digit of f?
4
Let a = 60 + -58. Suppose -a*k + 10 = u - 5*u, 4*u = -5*k + 25. Suppose u*i = 2*i - 218. What is the tens digit of i?
0
What is the hundreds digit of (6 - (-168)/54*201)*15?
4
Let n(f) = -151*f - 464. What is the hundreds digit of n(-24)?
1
What is the units digit of -3*(-6)/(-81) + (-194194)/(-126)?
1
Suppose 10*j = 5*j - 70. Let h be (-4)/j + (-366)/(-42). What is the tens digit of 1 + h*10 - (3 - 1)?
8
Let n(y) be the first derivative of 146*y**3/3 + 2*y**2 - 4*y - 92. What is the tens digit of n(2)?
8
Let y = 1928 + -1069. Suppose -2*k + 0*o + 4*o + 1718 = 0, k - y = 4*o. What is the hundreds digit of k?
8
Suppose 74667 + 681099 = 36*s + 85*s. What is the hundreds digit of s?
2
Suppose 0 = -4*g + z - 1144, -3*g + 4*z - 8*z = 858. Let y = 830 + g. What is the units digit of y?
4
Suppose -68 = -6*a - 68. Suppose -m + o + 547 = a, -5*o + 9*o - 2180 = -4*m. What is the tens digit of m?
4
Suppose -158*f + 153*f + 95045 = 0. What is the thousands digit of f?
9
Let f = -17458 - -33431. What is the ten thousands digit of f?
1
Let f = 134 + 1299. Let q = 2912 - f. What is the hundreds digit of q?
4
Let j = -83 + 48. Let v = j + 55. Suppose -d - v = -100. What is the units digit of d?
0
Let u be -35 - 4/3*21/4. Let o be (4/6)/(2/264). Let p = o + u. What is the units digit of p?
6
Suppose -13*g + 17*g = -22*g + 1291212. What is the units digit of g?
2
Let j = 106 + -150. Let z = 48 + j. What is the unit